?
2
Let f(v) = v**2 - v - 2. Let q be f(-2). Let n(y) = -y**3 + 4*y**2 + 3*y - 6. Let r be n(q). What is the tens digit of 63/6*8/r?
1
Let b(g) = 3*g. Let k be b(-1). Let h = k - -5. Suppose a = 3*c + 1, -c - 17 = -2*a + h*c. What is the units digit of a?
6
Let c(o) = o**3 - 11*o**2 + 20*o - 44. What is the tens digit of c(11)?
7
What is the units digit of (-5)/(-5)*7*1?
7
Let g(t) = t**2 - 2*t + 1. What is the units digit of g(-5)?
6
Suppose 10 = c - 9. Suppose -3*y - c = -4*n, 3*n - 6*n = -3*y - 18. What is the units digit of n?
1
Let q(j) = -3*j - 7. Let g be q(-4). Suppose 0 = 2*z - z + 2, -y - g*z - 6 = 0. What is the units digit of y?
4
Let d(w) = 7*w**3 + 5*w**2 + 8*w - 6. Let u(o) = 20*o**3 + 15*o**2 + 23*o - 17. Let z(n) = 17*d(n) - 6*u(n). What is the tens digit of z(-5)?
1
Let k be (2/(-3))/(10/45). What is the units digit of 72/(k + 0)*-1?
4
Let h(c) = 13*c + 4. Let u be h(6). Suppose 2*a = u - 30. What is the units digit of a?
6
Let t = 2 + -2. Suppose t = 2*p - 4. Suppose -22 + p = -4*x. What is the units digit of x?
5
Let b = 2 + 8. What is the tens digit of b?
1
Suppose -18 = 3*o - 0*o. Let l be 0 + 2/(-3)*o. Suppose 44 = l*f - 36. What is the units digit of f?
0
Suppose -2*j + 27 = -31. What is the tens digit of j?
2
Suppose -3*w + 203 + 55 = 0. What is the units digit of w?
6
Suppose -4*a - a + 3 = -2*f, -2*f = -2*a + 6. What is the tens digit of -1 + a + (4 - -18)?
2
What is the units digit of -32*(3 - (-4 + 8))?
2
Let r = -109 - -182. What is the tens digit of r?
7
Let z = -2 + 5. Let x(l) = 3*l**2 + 4*l - 4. What is the tens digit of x(z)?
3
Suppose 0 = -4*z + 2 - 26. What is the units digit of 40/z*(-12)/10?
8
Suppose -2*j - 5*m + 78 + 51 = 0, 0 = 5*j + 5*m - 285. What is the units digit of j?
2
Suppose -130 = 4*g - 9*g - y, g - 2*y - 15 = 0. Let r = g + -15. What is the units digit of (-4)/5*(-25)/r?
2
Let i(t) = 13*t - 6. What is the tens digit of i(3)?
3
Suppose 5*a + 8 = -3*l, -16 = -a + 4*a - l. Let u = -3 - a. What is the units digit of u?
1
Let k = 6 - -3. What is the tens digit of ((-6)/(-2))/(k/45)?
1
Suppose -l + 129 = 2*v, -v = 6*l - 7*l + 114. What is the units digit of l?
9
Suppose 7*d - 2*d = 220. What is the tens digit of d?
4
Suppose 3*a - 4*j - 1130 = 0, -5*a + 2*j + 1870 = -2*j. What is the hundreds digit of a?
3
What is the units digit of (4 + -1 - 5)*-7?
4
Suppose 4*w - 5*c - 25 = 0, -6*w + 2*w + c + 5 = 0. Suppose i + 3*j - 3 - 11 = 0, w = 3*i - j - 32. What is the units digit of i?
1
Let b(w) = 8*w**2 - 1. Let i be b(-1). Suppose -i*y = -2*y - 65. What is the units digit of y?
3
Suppose 1 - 13 = 4*s. Let m = 58 - 41. Let z = s + m. What is the tens digit of z?
1
What is the units digit of -1 - -167 - (-4 - -4)?
6
Let k be 2/(-2) + 7 + -2. Let z = k - 1. Let h(d) = -d**2 + 4*d. What is the units digit of h(z)?
3
Suppose 57 = g - 90. What is the hundreds digit of g?
1
Suppose -250 = 4*n + 62. What is the tens digit of (1/(-3))/(2/n)?
1
What is the hundreds digit of (-6)/24*0 + (110 - 0)?
1
Let y(w) = -4*w - 1. Let x(r) = r**3 - 5*r**2 + 3*r + 3. Let a be x(4). Let s be y(a). What is the units digit of s/(2 + 1) + 6?
7
Suppose 0 = 4*i + 2*g - 0*g - 20, 26 = 2*i + 5*g. Suppose -i = 5*h - 23. What is the units digit of h?
4
Let r(v) = v**3 - 9*v**2 - 2*v - 4. Let b be r(9). Let a(i) = 5*i**2 - i. Let q be a(1). What is the units digit of (-2)/(-4) - b/q?
6
Let d(w) = -w**2 - 4*w - 2. What is the units digit of d(-3)?
1
Suppose -m + 5*m - 40 = 0. Let s = 16 - m. What is the units digit of s?
6
Suppose 0 = -3*o + d + 37, 40 = 5*o - 2*d - 22. Suppose -q - 3*g = -o, -2*q + 0*g = 2*g - 8. Suppose -h - 4*h + 45 = q. What is the units digit of h?
9
Let z be 4*(-9)/(-3) - 1. Suppose 3 + z = w. What is the units digit of w?
4
What is the tens digit of 146/10 - (-20)/50?
1
Let h be (15/2)/(9/18). Let r = h + -8. What is the units digit of r?
7
Suppose n = -0*i + 3*i + 41, -38 = -n + 2*i. Suppose -9*q + 8*q + n = 0. What is the tens digit of q?
3
Suppose -4*f + 0*f + 24 = 0. Let s be f/3 + -4*2. What is the units digit of s/12 + 22/4?
5
Let u(h) = -29*h - 6. Let r be u(-5). Let y = r + -89. What is the tens digit of y?
5
Let c(i) = -i**3 + 8*i**2 + 7*i - 23. What is the tens digit of c(7)?
7
Let y(f) be the second derivative of -7/12*f**4 - 2*f - 1/20*f**5 + 0 - 1/6*f**3 - f**2. What is the units digit of y(-7)?
5
Suppose 2*h = 10, -2*h + 8 = t - 8. Let z(g) = g**3 - 5*g**2 - 7*g. Let o be z(t). Let a(k) = -k**2 - 8*k - 8. What is the units digit of a(o)?
4
Let o = 8 - 6. Suppose 23 = r + q - 20, -o = -2*q. Suppose 0 = -5*a + 5*v + 45, -5*a + 0*v + 4*v + r = 0. What is the units digit of a?
6
Let j = -8 - -13. Suppose -l - 1 + j = 0. What is the units digit of l?
4
Let n be 156/16 + (-2)/(-8). Suppose -2*h = 3*h - 4*r - 15, 0 = -2*r + n. What is the units digit of h?
7
Suppose w = -2 + 9. What is the units digit of w?
7
Suppose 0 = -s + 5*s. Suppose s = -i + 2*f - 0*f + 38, f = -4*i + 170. What is the tens digit of i?
4
Suppose 4*t - 6 = 6*t, 2*c - 447 = -3*t. What is the tens digit of c?
2
Let o = 5 - 0. What is the units digit of o?
5
Let z(a) = -a**3 + 6*a**2 - 3. Let b be z(6). Let n(v) = 7 + v**2 - 5 - 1. What is the tens digit of n(b)?
1
Let v(k) = 13*k**2 + k - 5. What is the units digit of v(2)?
9
Let d(k) = k**2 + 3*k + 1. Let q be (-3)/(-9) - 2/6. Let r be (0 - 4)*(q + 1). What is the units digit of d(r)?
5
What is the units digit of 3170/35 - (2 - 17/7)?
1
Suppose -111 = -10*n + 159. What is the tens digit of n?
2
Let j(q) = 3*q + 5. Let y be j(11). Let g = y + -16. What is the units digit of g?
2
Suppose 2*m - 3*s = 151, -3*s - 227 - 146 = -5*m. What is the units digit of m?
4
Let w(n) = 2*n**2 - 2*n + 3. What is the units digit of w(4)?
7
Suppose 0 = -2*f + 3*o, 3*o - 39 = -3*f - 9. Let k(x) = x**2 - 5*x - 2. What is the units digit of k(f)?
4
Suppose 4*x - 6*x = -54. What is the tens digit of x?
2
Let z(j) = -j**3 + 24*j**2 + 28*j + 21. What is the units digit of z(25)?
6
Suppose 2*k = -5*h + 73, 20 = 4*k + h - 81. What is the units digit of k?
4
Suppose -q - 4*q = 0. Let j(t) = t**2 - t + 39. Let r be j(q). Let d = r + -25. What is the tens digit of d?
1
Let r = 11 - 3. Suppose -c - 4*d + 16 = 3*c, -c - 2*d + r = 0. What is the units digit of 2 + (0 - c - -4)?
6
What is the tens digit of -2 - -3 - 810/(-10)?
8
Let v(m) = m**3 - 4*m**2 + 5*m - 4. Let a be v(3). Let r be a*(0 + (-45)/2). What is the units digit of (r/10)/(3/(-4))?
6
Let v be (-1)/(3/(2 + 37)). Let s(b) = b**2 + 13*b + 16. What is the tens digit of s(v)?
1
Suppose 3 = 3*i - 2*i. Suppose 4*t = -i*u + 3*t + 9, 0 = -3*u + 4*t + 9. What is the units digit of u?
3
Suppose 8*s = 4*s + 8. Let t(w) = 2*w**2 + w. Let i(o) = -o**3 + 11*o**2 + 6*o. Let p(z) = s*i(z) - 11*t(z). What is the units digit of p(-1)?
1
Suppose -7*t = -4*t - 2*v + 89, -145 = 5*t - 5*v. Let u = 98 - 142. Let n = t - u. What is the tens digit of n?
1
What is the tens digit of (8/3)/((8/(-204))/(-2))?
3
Let j(d) = -d + 33. What is the units digit of j(0)?
3
Suppose 2*v + 59 + 13 = 0. What is the units digit of (-8)/(-20) + v/(-10)?
4
Suppose 4*i - 111 = 69. Suppose 0 = g - 6*g + i. Let p = g - 5. What is the units digit of p?
4
Let o(u) = 2*u**2 - 8*u - 7. What is the tens digit of o(6)?
1
Let p be 16*9*3/(-6). Let w be (1/2)/((-3)/p). Let u = w + 7. What is the units digit of u?
9
Suppose 0 = -3*f - 5*p - 5, -f - 5 = 3*f + 5*p. Suppose f*b = -2*b + 6. Let a(z) = -z**3 + 2*z**2 + 4*z - 1. What is the units digit of a(b)?
2
Suppose 2*n + n + 4*c + 36 = 0, 5*n - 5*c + 25 = 0. Let r = n + 34. What is the tens digit of r?
2
Let a(l) = -l**2 + 8*l + 1. What is the units digit of a(5)?
6
Let g(o) = o - 3. Let d be g(5). Let u be (-4)/((-2)/6*d). What is the units digit of (4/u)/(8/36)?
3
Let s be 2*2*7/(-14). What is the units digit of 6 + s + (-1)/1?
3
Let l = -135 - -221. What is the units digit of l?
6
Suppose y - 66 - 323 = 0. What is the hundreds digit of y?
3
Suppose 2*m - 3*m = -4*w - 62, 5*m - 4*w - 246 = 0. Let f = 21 - m. Let s = 44 + f. What is the tens digit of s?
1
Let t = -10 - -14. Suppose 3*l + 3*u = -2*u + 27, 0 = l + t*u - 16. What is the units digit of l?
4
Let l be (-5)/((-3 + 0)/(-3)). Let r(t) be the third derivative of -t**4/24 + t**3 + t**2. What is the